{"id":17251,"date":"2025-03-25T10:57:50","date_gmt":"2025-03-25T09:57:50","guid":{"rendered":"https:\/\/www.www.galeriekreo.com\/in-focus\/spotlight-on-gino-sarfatti-en\/"},"modified":"2025-04-02T15:45:38","modified_gmt":"2025-04-02T13:45:38","slug":"spotlight-on-gino-sarfatti","status":"publish","type":"in-focus","link":"https:\/\/www.galeriekreo.com\/en\/in-focus\/spotlight-on-gino-sarfatti\/","title":{"rendered":"Spotlight on : Gino Sarfatti (EN)"},"template":"","meta":{"_acf_changed":false,"rs_blank_template":"","rs_page_bg_color":"","slide_template_v7":""},"class_list":["post-17251","in-focus","type-in-focus","status-publish","hentry","no-post-thumbnail"],"acf":{"afficher_le_slider_des_pieces":[],"image_du_in_focus":{"ID":10688,"id":10688,"title":"Galerie-kreo_Gino-Sarfatti_portrait","filename":"Galerie-kreo_Gino-Sarfatti_portrait.jpg","filesize":201680,"url":"https:\/\/www.galeriekreo.com\/wp-content\/uploads\/2021\/05\/Galerie-kreo_Gino-Sarfatti_portrait.jpg","link":"https:\/\/www.galeriekreo.com\/in-focus\/spotlight-on-gino-sarfatti\/galerie-kreo_gino-sarfatti_portrait\/","alt":"","author":"5","description":"","caption":"","name":"galerie-kreo_gino-sarfatti_portrait","status":"inherit","uploaded_to":17246,"date":"2021-05-11 09:44:42","modified":"2025-03-25 09:34:30","menu_order":0,"mime_type":"image\/jpeg","type":"image","subtype":"jpeg","icon":"https:\/\/www.galeriekreo.com\/wp-includes\/images\/media\/default.png","width":908,"height":604,"sizes":{"thumbnail":"https:\/\/www.galeriekreo.com\/wp-content\/uploads\/2021\/05\/Galerie-kreo_Gino-Sarfatti_portrait-150x150.jpg","thumbnail-width":150,"thumbnail-height":150,"medium":"https:\/\/www.galeriekreo.com\/wp-content\/uploads\/2021\/05\/Galerie-kreo_Gino-Sarfatti_portrait-300x200.jpg","medium-width":300,"medium-height":200,"medium_large":"https:\/\/www.galeriekreo.com\/wp-content\/uploads\/2021\/05\/Galerie-kreo_Gino-Sarfatti_portrait-768x511.jpg","medium_large-width":768,"medium_large-height":511,"large":"https:\/\/www.galeriekreo.com\/wp-content\/uploads\/2021\/05\/Galerie-kreo_Gino-Sarfatti_portrait.jpg","large-width":908,"large-height":604,"1536x1536":"https:\/\/www.galeriekreo.com\/wp-content\/uploads\/2021\/05\/Galerie-kreo_Gino-Sarfatti_portrait.jpg","1536x1536-width":908,"1536x1536-height":604,"2048x2048":"https:\/\/www.galeriekreo.com\/wp-content\/uploads\/2021\/05\/Galerie-kreo_Gino-Sarfatti_portrait.jpg","2048x2048-width":908,"2048x2048-height":604,"post-thumbnail":"https:\/\/www.galeriekreo.com\/wp-content\/uploads\/2021\/05\/Galerie-kreo_Gino-Sarfatti_portrait-100x67.jpg","post-thumbnail-width":100,"post-thumbnail-height":67,"entry":"https:\/\/www.galeriekreo.com\/wp-content\/uploads\/2021\/05\/Galerie-kreo_Gino-Sarfatti_portrait.jpg","entry-width":908,"entry-height":604,"entry-cropped":"https:\/\/www.galeriekreo.com\/wp-content\/uploads\/2021\/05\/Galerie-kreo_Gino-Sarfatti_portrait.jpg","entry-cropped-width":908,"entry-cropped-height":604,"entry-fullwidth":"https:\/\/www.galeriekreo.com\/wp-content\/uploads\/2021\/05\/Galerie-kreo_Gino-Sarfatti_portrait.jpg","entry-fullwidth-width":908,"entry-fullwidth-height":604,"entry-cropped-fullwidth":"https:\/\/www.galeriekreo.com\/wp-content\/uploads\/2021\/05\/Galerie-kreo_Gino-Sarfatti_portrait.jpg","entry-cropped-fullwidth-width":908,"entry-cropped-fullwidth-height":604}},"sous-titre_eng":"<p>Discover the Italian master&#8217;s life, dedicated to light<\/p>\n","sous-titre_fr":"<p>&#8220;Quand j&#8217;ai commenc\u00e9 \u00e0 faire des lampes, j&#8217;ai frapp\u00e9. J&#8217;ai ouvert quelque chose.&#8221; &#8211; Gino Sarfatti<\/p>\n","texte_bandeau_noir":"Spotlight on : Gino Sarfatti","texte_bandeau_noir_eng":"Spotlight on : Gino Sarfatti","titre_eng":"<p>Spotlight on: Gino Sarfatti<\/p>\n","titre_fr":"<p>Spotlight on : Gino Sarfatti<\/p>\n"},"_links":{"self":[{"href":"https:\/\/www.galeriekreo.com\/en\/wp-json\/wp\/v2\/in-focus\/17251","targetHints":{"allow":["GET"]}}],"collection":[{"href":"https:\/\/www.galeriekreo.com\/en\/wp-json\/wp\/v2\/in-focus"}],"about":[{"href":"https:\/\/www.galeriekreo.com\/en\/wp-json\/wp\/v2\/types\/in-focus"}],"wp:attachment":[{"href":"https:\/\/www.galeriekreo.com\/en\/wp-json\/wp\/v2\/media?parent=17251"}],"curies":[{"name":"wp","href":"https:\/\/api.w.org\/{rel}","templated":true}]}}

<p>&#8220;Quand j&#8217;ai commencé à faire des lampes, j&#8217;ai frappé. J&#8217;ai ouvert quelque chose.&#8221; &#8211; Gino Sarfatti</p>
