{"id":17319,"date":"2025-03-27T12:14:52","date_gmt":"2025-03-27T11:14:52","guid":{"rendered":"https:\/\/www.www.galeriekreo.com\/in-focus\/ronan-bouroullec-a-saint-michel-de-brasparts-en\/"},"modified":"2025-04-02T15:35:35","modified_gmt":"2025-04-02T13:35:35","slug":"ronan-bouroullec-brasparts","status":"publish","type":"in-focus","link":"https:\/\/www.galeriekreo.com\/en\/in-focus\/ronan-bouroullec-brasparts\/","title":{"rendered":"Ronan Bouroullec \u00e0 Saint-Michel de Brasparts (EN)"},"template":"","meta":{"_acf_changed":false,"rs_blank_template":"","rs_page_bg_color":"","slide_template_v7":""},"class_list":["post-17319","in-focus","type-in-focus","status-publish","hentry","no-post-thumbnail"],"acf":{"afficher_le_slider_des_pieces":[],"image_du_in_focus":{"ID":16086,"id":16086,"title":"Ronan-Bouroullec_Chapelle-Saint-Michel-de-Brasparts_Lavabre_Galerie-kreo5","filename":"Ronan-Bouroullec_Chapelle-Saint-Michel-de-Brasparts_Lavabre_Galerie-kreo5.jpg","filesize":81085,"url":"https:\/\/www.galeriekreo.com\/wp-content\/uploads\/2023\/07\/Ronan-Bouroullec_Chapelle-Saint-Michel-de-Brasparts_Lavabre_Galerie-kreo5.jpg","link":"https:\/\/www.galeriekreo.com\/in-focus\/ronan-bouroullec-brasparts\/ronan-bouroullec_chapelle-saint-michel-de-brasparts_lavabre_galerie-kreo5\/","alt":"","author":"5","description":"","caption":"","name":"ronan-bouroullec_chapelle-saint-michel-de-brasparts_lavabre_galerie-kreo5","status":"inherit","uploaded_to":17318,"date":"2023-07-19 11:15:39","modified":"2025-03-27 10:55:25","menu_order":0,"mime_type":"image\/jpeg","type":"image","subtype":"jpeg","icon":"https:\/\/www.galeriekreo.com\/wp-includes\/images\/media\/default.png","width":624,"height":910,"sizes":{"thumbnail":"https:\/\/www.galeriekreo.com\/wp-content\/uploads\/2023\/07\/Ronan-Bouroullec_Chapelle-Saint-Michel-de-Brasparts_Lavabre_Galerie-kreo5-150x150.jpg","thumbnail-width":150,"thumbnail-height":150,"medium":"https:\/\/www.galeriekreo.com\/wp-content\/uploads\/2023\/07\/Ronan-Bouroullec_Chapelle-Saint-Michel-de-Brasparts_Lavabre_Galerie-kreo5-206x300.jpg","medium-width":206,"medium-height":300,"medium_large":"https:\/\/www.galeriekreo.com\/wp-content\/uploads\/2023\/07\/Ronan-Bouroullec_Chapelle-Saint-Michel-de-Brasparts_Lavabre_Galerie-kreo5.jpg","medium_large-width":624,"medium_large-height":910,"large":"https:\/\/www.galeriekreo.com\/wp-content\/uploads\/2023\/07\/Ronan-Bouroullec_Chapelle-Saint-Michel-de-Brasparts_Lavabre_Galerie-kreo5.jpg","large-width":624,"large-height":910,"1536x1536":"https:\/\/www.galeriekreo.com\/wp-content\/uploads\/2023\/07\/Ronan-Bouroullec_Chapelle-Saint-Michel-de-Brasparts_Lavabre_Galerie-kreo5.jpg","1536x1536-width":624,"1536x1536-height":910,"2048x2048":"https:\/\/www.galeriekreo.com\/wp-content\/uploads\/2023\/07\/Ronan-Bouroullec_Chapelle-Saint-Michel-de-Brasparts_Lavabre_Galerie-kreo5.jpg","2048x2048-width":624,"2048x2048-height":910,"post-thumbnail":"https:\/\/www.galeriekreo.com\/wp-content\/uploads\/2023\/07\/Ronan-Bouroullec_Chapelle-Saint-Michel-de-Brasparts_Lavabre_Galerie-kreo5-100x146.jpg","post-thumbnail-width":100,"post-thumbnail-height":146,"entry":"https:\/\/www.galeriekreo.com\/wp-content\/uploads\/2023\/07\/Ronan-Bouroullec_Chapelle-Saint-Michel-de-Brasparts_Lavabre_Galerie-kreo5.jpg","entry-width":624,"entry-height":910,"entry-cropped":"https:\/\/www.galeriekreo.com\/wp-content\/uploads\/2023\/07\/Ronan-Bouroullec_Chapelle-Saint-Michel-de-Brasparts_Lavabre_Galerie-kreo5-624x805.jpg","entry-cropped-width":624,"entry-cropped-height":805,"entry-fullwidth":"https:\/\/www.galeriekreo.com\/wp-content\/uploads\/2023\/07\/Ronan-Bouroullec_Chapelle-Saint-Michel-de-Brasparts_Lavabre_Galerie-kreo5.jpg","entry-fullwidth-width":624,"entry-fullwidth-height":910,"entry-cropped-fullwidth":"https:\/\/www.galeriekreo.com\/wp-content\/uploads\/2023\/07\/Ronan-Bouroullec_Chapelle-Saint-Michel-de-Brasparts_Lavabre_Galerie-kreo5-624x805.jpg","entry-cropped-fullwidth-width":624,"entry-cropped-fullwidth-height":805}},"pieces_a_ajouter":[{"ID":15759,"post_author":"6","post_date":"2023-03-14 01:03:47","post_date_gmt":"2023-03-14 00:03:47","post_content":"","post_title":"Malachappe, 2022 (ALL OVER)","post_excerpt":"","post_status":"publish","comment_status":"closed","ping_status":"closed","post_password":"","post_name":"malachappe-2022-all-over","to_ping":"","pinged":"","post_modified":"2026-04-30 01:01:50","post_modified_gmt":"2026-04-29 23:01:50","post_content_filtered":"","post_parent":0,"guid":"https:\/\/www.galeriekreo.com\/pieces_cpt\/malachappe-2022-all-over\/","menu_order":0,"post_type":"pieces_cpt","post_mime_type":"","comment_count":"0","filter":"raw","custom_info":"Info dynamique pour Malachappe, 2022 (ALL OVER)","designer_name":"Ronan Bouroullec","designer_slug":"ronan-bouroullec","custom_photos":["\/sync4D\/images\/pieces\/EB6082AC19045448A6847AB9BD1A314B.jpg.webp","\/sync4D\/images\/pieces\/3C48E36F8E0D1D46B2CC02D74D4D8940.jpg.webp","\/sync4D\/images\/pieces\/AF28ED0F1AB9DB4A9A812F10A447C94B.jpg.webp","\/sync4D\/images\/pieces\/36CB12E9FB713E4F966EEB57FD0A64BE.jpg.webp"],"piece_url":"\/en\/piece\/ronan-bouroullec\/malachappe-2022-all-over"},{"ID":15761,"post_author":"6","post_date":"2023-03-14 01:03:47","post_date_gmt":"2023-03-14 00:03:47","post_content":"","post_title":"Malachappe, 2022 (ALL OVER)","post_excerpt":"","post_status":"publish","comment_status":"closed","ping_status":"closed","post_password":"","post_name":"malachappe-2022-all-over-3","to_ping":"","pinged":"","post_modified":"2026-04-30 01:01:50","post_modified_gmt":"2026-04-29 23:01:50","post_content_filtered":"","post_parent":0,"guid":"https:\/\/www.galeriekreo.com\/pieces_cpt\/malachappe-2022-all-over-3\/","menu_order":0,"post_type":"pieces_cpt","post_mime_type":"","comment_count":"0","filter":"raw","custom_info":"Info dynamique pour Malachappe, 2022 (ALL OVER)","designer_name":"Ronan Bouroullec","designer_slug":"ronan-bouroullec","custom_photos":["\/sync4D\/images\/pieces\/BBF95957C9B56941AABD7D196EDE7278.jpg.webp","\/sync4D\/images\/pieces\/433EFB6968555F4081ABDB1E0C5D20EC.jpg.webp","\/sync4D\/images\/pieces\/EC80251C24D98A418DD9F10C96006AEA.jpg.webp"],"piece_url":"\/en\/piece\/ronan-bouroullec\/malachappe-2022-all-over-3"}],"sous-titre_eng":"<p>Discover the new interior of the chapel designed by Ronan Bouroullec<\/p>\n","sous-titre_fr":"<p>D\u00e9couvrez le nouvel int\u00e9rieur de la Chapelle sign\u00e9 Ronan Bouroullec<\/p>\n","texte_bandeau_noir":"Chapelle Saint-Michel de Brasparts","texte_bandeau_noir_eng":"Saint-Michel de Brasparts Chapel","titre_eng":"<p>Ronan Bouroullec in Saint-Michel<br \/>\nde Brasparts Chapel<\/p>\n","titre_fr":"<p>Ronan Bouroullec \u00e0 Saint-Michel de Brasparts<\/p>\n","titre_slider_des_pieces_eng":"More from Ronan Bouroullec","titre_slider_des_pieces_fr":"Pi\u00e8ces de Ronan Bouroullec"},"_links":{"self":[{"href":"https:\/\/www.galeriekreo.com\/en\/wp-json\/wp\/v2\/in-focus\/17319","targetHints":{"allow":["GET"]}}],"collection":[{"href":"https:\/\/www.galeriekreo.com\/en\/wp-json\/wp\/v2\/in-focus"}],"about":[{"href":"https:\/\/www.galeriekreo.com\/en\/wp-json\/wp\/v2\/types\/in-focus"}],"wp:attachment":[{"href":"https:\/\/www.galeriekreo.com\/en\/wp-json\/wp\/v2\/media?parent=17319"}],"curies":[{"name":"wp","href":"https:\/\/api.w.org\/{rel}","templated":true}]}}

Ronan Bouroullec à Saint-Michel de Brasparts (EN)

<p>Découvrez le nouvel intérieur de la Chapelle signé Ronan Bouroullec</p>

<p>Ronan Bouroullec à Saint-Michel de Brasparts</p>

Pièces de Ronan Bouroullec
